{"id":2,"date":"2025-08-03T08:46:36","date_gmt":"2025-08-03T08:46:36","guid":{"rendered":"http:\/\/nsohimf.cluster021.hosting.ovh.net\/?page_id=2"},"modified":"2025-10-06T15:58:13","modified_gmt":"2025-10-06T15:58:13","slug":"sample-page","status":"publish","type":"page","link":"https:\/\/sapinstal.pl\/","title":{"rendered":"O nas"},"content":{"rendered":"\n<p>Jeste\u015bmy firm\u0105 z B\u0119dzina, kt\u00f3ra \u015bwiadczy profesjonalne us\u0142ugi elektryczne na terenie ca\u0142ej Polski. W naszej codziennej pracy \u0142\u0105czymy do\u015bwiadczenie, uprawnienia i nowoczesne podej\u015bcie do instalacji oraz system\u00f3w automatyki.<\/p>\n\n\n\n<p>Posiadamy uprawnienia do dozoru i eksploatacji instalacji elektrycznych, a tak\u017ce kwalifikacje UDT na obs\u0142ug\u0119 maszyn takich jak koparki i podesty ruchome (podno\u015bniki jezdne). Dzi\u0119ki temu mo\u017cemy realizowa\u0107 zlecenia zar\u00f3wno w obiektach prywatnych, jak i przemys\u0142owych czy u\u017cyteczno\u015bci publicznej.<\/p>\n\n\n\n<p>Nasza oferta obejmuje:<\/p>\n\n\n\n<p>instalacje elektryczne niskiego i \u015bredniego napi\u0119cia,<\/p>\n\n\n\n<p>monta\u017c system\u00f3w fotowoltaicznych,<\/p>\n\n\n\n<p>instalacj\u0119 alarm\u00f3w i system\u00f3w monitoringu,<\/p>\n\n\n\n<p>automatyk\u0119 budynkow\u0105 i przemys\u0142ow\u0105,<\/p>\n\n\n\n<p>rozwi\u0105zania smart home,<\/p>\n\n\n\n<p>pomiary elektryczne z pe\u0142n\u0105 dokumentacj\u0105.<\/p>\n\n\n\n<p>Dbamy o jako\u015b\u0107 wykonania, zgodno\u015b\u0107 z przepisami oraz terminowo\u015b\u0107. Ka\u017cde zlecenie traktujemy indywidualnie, zapewniaj\u0105c pe\u0142ne wsparcie techniczne i doradcze.<\/p>\n\n\n\n<p>Je\u015bli szukasz solidnego partnera do realizacji prac elektrycznych \u2014 zapraszamy do kontaktu. SAPinstal to gwarancja profesjonalizmu i bezpiecze\u0144stwa.<\/p>\n","protected":false},"excerpt":{"rendered":"<p>Jeste\u015bmy firm\u0105 z B\u0119dzina, kt\u00f3ra \u015bwiadczy profesjonalne us\u0142ugi elektryczne na terenie ca\u0142ej Polski. W naszej codziennej pracy \u0142\u0105czymy do\u015bwiadczenie, uprawnienia i nowoczesne podej\u015bcie do instalacji oraz system\u00f3w automatyki. Posiadamy uprawnienia do dozoru i eksploatacji instalacji elektrycznych, a tak\u017ce kwalifikacje UDT na obs\u0142ug\u0119 maszyn takich jak koparki i podesty ruchome (podno\u015bniki jezdne). Dzi\u0119ki temu mo\u017cemy realizowa\u0107 [&hellip;]<\/p>\n","protected":false},"author":1,"featured_media":0,"parent":0,"menu_order":0,"comment_status":"closed","ping_status":"open","template":"","meta":{"footnotes":""},"class_list":["post-2","page","type-page","status-publish","hentry"],"_links":{"self":[{"href":"https:\/\/sapinstal.pl\/index.php\/wp-json\/wp\/v2\/pages\/2","targetHints":{"allow":["GET"]}}],"collection":[{"href":"https:\/\/sapinstal.pl\/index.php\/wp-json\/wp\/v2\/pages"}],"about":[{"href":"https:\/\/sapinstal.pl\/index.php\/wp-json\/wp\/v2\/types\/page"}],"author":[{"embeddable":true,"href":"https:\/\/sapinstal.pl\/index.php\/wp-json\/wp\/v2\/users\/1"}],"replies":[{"embeddable":true,"href":"https:\/\/sapinstal.pl\/index.php\/wp-json\/wp\/v2\/comments?post=2"}],"version-history":[{"count":2,"href":"https:\/\/sapinstal.pl\/index.php\/wp-json\/wp\/v2\/pages\/2\/revisions"}],"predecessor-version":[{"id":23,"href":"https:\/\/sapinstal.pl\/index.php\/wp-json\/wp\/v2\/pages\/2\/revisions\/23"}],"wp:attachment":[{"href":"https:\/\/sapinstal.pl\/index.php\/wp-json\/wp\/v2\/media?parent=2"}],"curies":[{"name":"wp","href":"https:\/\/api.w.org\/{rel}","templated":true}]}}